ctors of 18767607?
3, 1109, 5641
What are the prime factors of 2318819?
2318819
What are the prime factors of 5511553?
17, 324209
What are the prime factors of 1551420?
2, 3, 5, 13, 17
What are the prime factors of 528693?
3, 11, 37, 433
What are the prime factors of 6540407?
6540407
List the prime factors of 2803381.
7, 557, 719
What are the prime factors of 123041?
41, 3001
What are the prime factors of 6142312?
2, 11, 223, 313
What are the prime factors of 1050220?
2, 5, 52511
What are the prime factors of 355420?
2, 5, 13, 1367
What are the prime factors of 70177?
70177
List the prime factors of 448504.
2, 7, 8009
List the prime factors of 4554635.
5, 97, 9391
List the prime factors of 96876.
2, 3, 13, 23
List the prime factors of 27469625.
5, 219757
List the prime factors of 3262671.
3, 227, 1597
List the prime factors of 117708.
2, 3, 17, 577
What are the prime factors of 29759226?
2, 3, 7, 233, 3041
List the prime factors of 23274960.
2, 3, 5, 96979
List the prime factors of 56989.
56989
List the prime factors of 6677762.
2, 7, 13, 36691
List the prime factors of 243838.
2, 7, 17417
List the prime factors of 415304.
2, 51913
What are the prime factors of 29962?
2, 71, 211
List the prime factors of 14680651.
14680651
List the prime factors of 850571.
850571
What are the prime factors of 9198?
2, 3, 7, 73
What are the prime factors of 194473?
113, 1721
List the prime factors of 7993298.
2, 17, 233, 1009
What are the prime factors of 1334209?
31, 193, 223
List the prime factors of 1571391.
3, 174599
What are the prime factors of 1067433?
3, 355811
List the prime factors of 12199424.
2, 23827
List the prime factors of 4610187.
3, 137, 3739
List the prime factors of 4815896.
2, 17, 2083
What are the prime factors of 205057?
53, 73
List the prime factors of 2123491.
2123491
What are the prime factors of 34898?
2, 17449
List the prime factors of 37095551.
1759, 21089
What are the prime factors of 401200?
2, 5, 17, 59
List the prime factors of 5032311.
3, 1031, 1627
List the prime factors of 1529884.
2, 97, 3943
List the prime factors of 6411598.
2, 109, 29411
What are the prime factors of 5263170?
2, 3, 5, 11, 41, 389
List the prime factors of 77337.
3, 13, 661
List the prime factors of 204207.
3, 43, 1583
What are the prime factors of 6330317?
7, 97, 9323
List the prime factors of 10389285.
3, 5, 230873
What are the prime factors of 255613?
255613
List the prime factors of 2747152.
2, 171697
What are the prime factors of 2363836?
2, 590959
List the prime factors of 111681.
3, 12409
List the prime factors of 4047561.
3, 7, 41, 1567
List the prime factors of 6671779.
59, 113081
What are the prime factors of 846188?
2, 7, 47, 643
List the prime factors of 2525249.
2525249
List the prime factors of 5510027.
5510027
List the prime factors of 414417.
3, 138139
List the prime factors of 104983.
277, 379
List the prime factors of 2272018.
2, 7, 162287
What are the prime factors of 223840?
2, 5, 1399
List the prime factors of 85129.
11, 71, 109
List the prime factors of 1967669.
11, 113, 1583
What are the prime factors of 996062?
2, 101, 4931
What are the prime factors of 208007?
79, 2633
What are the prime factors of 6305329?
101, 163, 383
What are the prime factors of 615213?
3, 17, 4021
List the prime factors of 28283340.
2, 3, 5, 471389
List the prime factors of 9615271.
9615271
What are the prime factors of 294960?
2, 3, 5, 1229
List the prime factors of 727778.
2, 363889
What are the prime factors of 1050163?
127, 8269
What are the prime factors of 246705?
3, 5, 16447
List the prime factors of 8312170.
2, 5, 831217
List the prime factors of 1538755.
5, 17, 43, 421
What are the prime factors of 216964?
2, 11, 4931
List the prime factors of 817392.
2, 3, 17029
List the prime factors of 103471.
103471
What are the prime factors of 5045402?
2, 71, 35531
What are the prime factors of 272136?
2, 3, 17, 23, 29
List the prime factors of 148023.
3, 16447
What are the prime factors of 44076?
2, 3, 3673
What are the prime factors of 592327?
41, 14447
List the prime factors of 16006611.
3, 2239, 2383
List the prime factors of 1681932.
2, 3, 7, 20023
List the prime factors of 706121.
13, 29, 1873
What are the prime factors of 9307420?
2, 5, 241, 1931
What are the prime factors of 154418?
2, 11, 7019
List the prime factors of 393812.
2, 98453
What are the prime factors of 1420404?
2, 3, 41, 2887
What are the prime factors of 3095667?
3, 343963
List the prime factors of 2271666.
2, 3, 241, 1571
What are the prime factors of 72880?
2, 5, 911
List the prime factors of 12733036.
2, 3183259
List the prime factors of 230367.
3, 17, 4517
What are the prime factors of 6439031?
563, 11437
List the prime factors of 11933724.
2, 3, 11, 90407
What are the prime factors of 794629?
11, 29, 47, 53
What are the prime factors of 2187272?
2, 373, 733
List the prime factors of 16359145.
5, 11, 297439
What are the prime factors of 205955?
5, 17, 2423
What are the prime factors of 211981?
7, 11, 2753
List the prime factors of 476915.
5, 95383
List the prime factors of 34059472.
2, 61, 34897
What are the prime factors of 3048766?
2, 7, 59, 3691
List the prime factors of 30135591.
3, 1116133
What are the prime factors of 18786033?
3, 7, 99397
What are the prime factors of 59354?
2, 59, 503
List the prime factors of 6315114.
2, 3, 13, 80963
What are the prime factors of 93504?
2, 3, 487
What are the prime factors of 171013?
29, 5897
List the prime factors of 2260578.
2, 3, 23, 16381
List the prime factors of 607052.
2, 47, 3229
List the prime factors of 9060942.
2, 3, 11, 23, 47, 127
List the prime factors of 822467.
199, 4133
List the prime factors of 1949651.
11, 421
What are the prime factors of 574792?
2, 71849
List the prime factors of 3354056.
2, 211, 1987
What are the prime factors of 323914?
2, 161957
What are the prime factors of 63230?
2, 5, 6323
List the prime factors of 808645.
5, 161729
What are the prime factors of 6918022?
2, 31, 111581
What are the prime factors of 11134537?
11134537
What are the prime factors of 5949198?
2, 3, 67, 4933
List the prime factors of 786588.
2, 3, 11, 59, 101
What are the prime factors of 132036?
2, 3, 11003
What are the prime factors of 3904861?
19, 205519
What are the prime factors of 10669774?
2, 5334887
What are the prime factors of 39961011?
3, 67, 198811
What are the prime factors of 6426909?
3, 43, 16607
What are the prime factors of 8241320?
2, 5, 206033
What are the prime factors of 2106732?
2, 3, 419
List the prime factors of 27125967.
3, 11, 821999
What are the prime factors of 1350136?
2, 71, 2377
List the prime factors of 9922756.
2, 29, 113, 757
What are the prime factors of 442537?
442537
List the prime factors of 27502.
2, 13751
List the prime factors of 17625923.
7, 17, 73, 2029
What are the prime factors of 72361?
269
What are the prime factors of 214154?
2, 107077
List the prime factors of 1833596.
2, 458399
List the prime factors of 8278970.
2, 5, 7, 101, 1171
What are the prime factors of 243101?
243101
What are the prime factors of 290745?
3, 5, 7, 13, 71
What are the prime factors of 1642226?
2, 821113
What are the prime factors of 98086?
2, 49043
List the prime factors of 1538957.
7, 219851
List the prime factors of 4492887.
3, 7, 213947
List the prime factors of 373933.
7, 53419
What are the prime factors of 6792108?
2, 3, 43, 13163
What are the prime factors of 16325365?
5, 7, 151, 3089
List the prime factors of 15755662.
2, 13, 605987
What are the prime factors of 937445?
5, 433
List the prime factors of 491380.
2, 5, 79, 311
List the prime factors of 3150138.
2, 3, 163, 3221
What are the prime factors of 307868?
2, 11, 6997
What are the prime factors of 966800?
2, 5, 2417
List the prime factors of 2043019.
11, 79, 2351
What are the prime factors of 272539?
272539
What are the prime factors of 13017832?
2, 67, 149, 163
What are the prime factors of 1934811?
3, 179, 1201
List the prime factors of 1611386.
2, 7, 115099
What are the prime factors of 694478?
2, 347239
What are the prime factors of 7965630?
2, 3, 5, 67, 1321
List the prime factors of 305916.
2, 3, 13, 37, 53
What are the prime factors of 11364507?
3, 7, 11, 23, 31
What are the prime factors of 5281552?
2, 330097
List the prime factors of 6641704